{"id":387,"date":"2019-01-04T13:24:13","date_gmt":"2019-01-04T12:24:13","guid":{"rendered":"https:\/\/manon.qodeinteractive.com\/elementor\/?page_id=387"},"modified":"2021-10-07T23:37:25","modified_gmt":"2021-10-07T21:37:25","slug":"vision-et-valeurs","status":"publish","type":"page","link":"https:\/\/www.okoministries.com\/preprod\/le-ministere\/vision-et-valeurs\/","title":{"rendered":"Vision et valeurs"},"content":{"rendered":"\t\t<div data-elementor-type=\"wp-page\" data-elementor-id=\"387\" class=\"elementor elementor-387\" data-elementor-settings=\"[]\">\n\t\t\t\t\t\t\t<div class=\"elementor-section-wrap\">\n\t\t\t\t\t\t\t<section class=\"elementor-section elementor-top-section elementor-element elementor-element-d659c67 elementor-section-full_width elementor-section-height-min-height elementor-section-height-default elementor-section-items-middle edgtf-parallax-row-no edgtf-content-aligment-left edgtf-row-grid-no edgtf-disabled-bg-image-bellow-no\" data-id=\"d659c67\" data-element_type=\"section\" data-settings=\"{&quot;background_background&quot;:&quot;classic&quot;}\">\n\t\t\t\t\t\t<div class=\"elementor-container elementor-column-gap-no\">\n\t\t\t\t\t<div class=\"elementor-column elementor-col-100 elementor-top-column elementor-element elementor-element-65ce2b6\" data-id=\"65ce2b6\" data-element_type=\"column\">\n\t\t\t<div class=\"elementor-widget-wrap elementor-element-populated\">\n\t\t\t\t\t\t\t\t<div class=\"elementor-element elementor-element-bd059be elementor-widget elementor-widget-heading\" data-id=\"bd059be\" data-element_type=\"widget\" data-widget_type=\"heading.default\">\n\t\t\t\t<div class=\"elementor-widget-container\">\n\t\t\t<h2 class=\"elementor-heading-title elementor-size-default\">Vision et valeurs<\/h2>\t\t<\/div>\n\t\t\t\t<\/div>\n\t\t\t\t\t<\/div>\n\t\t<\/div>\n\t\t\t\t\t\t\t<\/div>\n\t\t<\/section>\n\t\t\t\t<section class=\"elementor-section elementor-top-section elementor-element elementor-element-b5a048e elementor-section-boxed elementor-section-height-default elementor-section-height-default edgtf-parallax-row-no edgtf-content-aligment-left edgtf-row-grid-no edgtf-disabled-bg-image-bellow-no\" data-id=\"b5a048e\" data-element_type=\"section\">\n\t\t\t\t\t\t<div class=\"elementor-container elementor-column-gap-default\">\n\t\t\t\t\t<div class=\"elementor-column elementor-col-100 elementor-top-column elementor-element elementor-element-acab88f\" data-id=\"acab88f\" data-element_type=\"column\">\n\t\t\t<div class=\"elementor-widget-wrap elementor-element-populated\">\n\t\t\t\t\t\t\t\t<div class=\"elementor-element elementor-element-2ea5664 elementor-widget elementor-widget-text-editor\" data-id=\"2ea5664\" data-element_type=\"widget\" data-widget_type=\"text-editor.default\">\n\t\t\t\t<div class=\"elementor-widget-container\">\n\t\t\t\t\t\t\t<p class=\"p1\">OKO MINISTRIES<span class=\"Apple-converted-space\">&nbsp; <\/span>a pour ligne directrice d\u2019ouvrir les yeux de chaque homme sur la vie et ainsi permettre \u00e0 Dieu d\u2019op\u00e9rer les importantes transformations requises pour \u00eatre en phase avec l\u2019histoire qu\u2019il a \u00e9crite pour chacun avant sa manifestation sur la terre. Ce minist\u00e8re est caract\u00e9ris\u00e9 par des coeurs repentants, des esprits conqu\u00e9rants assoiff\u00e9s de vivre Christ.<\/p>\n<p class=\"p2\">C\u2019Est une \u0153uvre de l\u2019ESPRIT dont l\u2019utilit\u00e9 est de r\u00e9v\u00e9ler Christ au travers des Hommes. Pour le dire avec de simples mots voir au del\u00e0 des apparences ce qui vient d\u2019en haut \u00e0 savoir&nbsp;: la sagesse, la gr\u00e2ce, la v\u00e9rit\u00e9 et la foi, fruit de l\u2019amour manifeste de l\u2019Esprit Dieu. Tout un message du Ciel destin\u00e9 \u00e0 relever et r\u00e9concilier. R\u00e9concilier l\u2019homme avec Dieu, lui-m\u00eame et les autres. Ce minist\u00e8re op\u00e8re avec l\u2019intelligence venant du Saint-Esprit. Tout homme est plus que son environnement sa condition, ce qui l\u2019enveloppe. L\u2019essence d\u2019un homme est ce qui le constitue \u00e0 l\u2019int\u00e9rieur. Tout comme une semence contient un arbre et le r\u00e9v\u00e8le, apres \u00e9closion, Oko ministries vise \u00e0 ce que chaque semence de Dieu puisse \u00e9clore et occuper l\u2019espace qui lui est impartie.<\/p>\t\t\t\t\t\t<\/div>\n\t\t\t\t<\/div>\n\t\t\t\t\t<\/div>\n\t\t<\/div>\n\t\t\t\t\t\t\t<\/div>\n\t\t<\/section>\n\t\t\t\t<section class=\"elementor-section elementor-top-section elementor-element elementor-element-10f164c elementor-section-boxed elementor-section-height-default elementor-section-height-default edgtf-parallax-row-no edgtf-content-aligment-left edgtf-row-grid-no edgtf-disabled-bg-image-bellow-no\" data-id=\"10f164c\" data-element_type=\"section\">\n\t\t\t\t\t\t<div class=\"elementor-container elementor-column-gap-default\">\n\t\t\t\t\t<div class=\"elementor-column elementor-col-100 elementor-top-column elementor-element elementor-element-1dc8b83\" data-id=\"1dc8b83\" data-element_type=\"column\">\n\t\t\t<div class=\"elementor-widget-wrap elementor-element-populated\">\n\t\t\t\t\t\t\t\t<div class=\"elementor-element elementor-element-6291928 elementor-widget elementor-widget-text-editor\" data-id=\"6291928\" data-element_type=\"widget\" data-widget_type=\"text-editor.default\">\n\t\t\t\t<div class=\"elementor-widget-container\">\n\t\t\t\t\t\t\t<p style=\"background-color: #ffffff;\"><span style=\"font-weight: bold;\"><i>Une lettre de Christ \u00e9crite par un service (2 Corinthiens 3:3).<\/i><\/span><\/p>\n<p style=\"background-color: #ffffff;\">G\u00e9n\u00e9rer des hommes et des femmes dont la vie quotidienne s\u2019inspire fid\u00e8lement de l\u2019enseignement de Christ. Prompts \u00e0 marcher d\u2019une mani\u00e8re digne de Dieu, cons\u00e9quence de qui ils sont int\u00e9rieurement : non plus des&nbsp;<span style=\"background-color: rgb(255, 255, 255);\">morts-vivants, frapp\u00e9s et troubl\u00e9s par le si\u00e8cle pr\u00e9sent, mais des t\u00e9moins vivants, d\u00e9tenteurs d\u2019une vie divine et immortelle. Ils sont pass\u00e9s de la mort \u00e0 la vie, ils incarnent l\u2019accomplissement de grandes promesses ! Ils sont la lettre vivante dont Christ est l\u2019auteur, celle qui est trac\u00e9e par notre minist\u00e8re \u00ab service \u00bb, avec l\u2019Esprit du Dieu vivant.<\/span><\/p>\n<p style=\"background-color: #ffffff;\"><span style=\"font-weight: bold;\"><i>Manifester l\u2019homme int\u00e9rieur<\/i><\/span><\/p>\n<p style=\"background-color: #ffffff;\">Ce que nous voyons&nbsp;: une g\u00e9n\u00e9ration qui se r\u00e9v\u00e8le tel que Dieu le voit, le pr\u00e9voit, marchant en ad\u00e9quation avec son c\u0153ur dans lequel r\u00e9side les sentiments de Christ. Se renouvelant chaque jour selon la connaissance de Christ et ce qu\u2019il apporte&nbsp;<span style=\"font-weight: bold;\">(Colossiens 2:11-12<\/span>).<\/p>\n<p style=\"background-color: #ffffff;\">Ainsi telle une g\u00e9n\u00e9ration vers\u00e9e dans les saintes \u00e9critures et fervente d\u2019esprit, elle accomplira au del\u00e0 des murs de l\u2019\u00e9glise les desseins de Dieu. Une g\u00e9n\u00e9ration active, productive, intime de Dieu et d\u00e9sireuse d\u2019\u00e9clairer le monde&nbsp;: une g\u00e9n\u00e9ration de disciples accomplis.<\/p>\t\t\t\t\t\t<\/div>\n\t\t\t\t<\/div>\n\t\t\t\t\t<\/div>\n\t\t<\/div>\n\t\t\t\t\t\t\t<\/div>\n\t\t<\/section>\n\t\t\t\t<section class=\"elementor-section elementor-top-section elementor-element elementor-element-06841fd elementor-section-boxed elementor-section-height-default elementor-section-height-default edgtf-parallax-row-no edgtf-content-aligment-left edgtf-row-grid-no edgtf-disabled-bg-image-bellow-no\" data-id=\"06841fd\" data-element_type=\"section\">\n\t\t\t\t\t\t<div class=\"elementor-container elementor-column-gap-default\">\n\t\t\t\t\t<div class=\"elementor-column elementor-col-100 elementor-top-column elementor-element elementor-element-ba24186\" data-id=\"ba24186\" data-element_type=\"column\">\n\t\t\t<div class=\"elementor-widget-wrap elementor-element-populated\">\n\t\t\t\t\t\t\t\t<section class=\"elementor-section elementor-inner-section elementor-element elementor-element-237e4b9 elementor-section-boxed elementor-section-height-default elementor-section-height-default edgtf-parallax-row-no edgtf-content-aligment-left edgtf-row-grid-no edgtf-disabled-bg-image-bellow-no\" data-id=\"237e4b9\" data-element_type=\"section\">\n\t\t\t\t\t\t<div class=\"elementor-container elementor-column-gap-default\">\n\t\t\t\t\t<div class=\"elementor-column elementor-col-25 elementor-inner-column elementor-element elementor-element-c14accb\" data-id=\"c14accb\" data-element_type=\"column\">\n\t\t\t<div class=\"elementor-widget-wrap elementor-element-populated\">\n\t\t\t\t\t\t\t\t<div class=\"elementor-element elementor-element-7d2afbe elementor-widget elementor-widget-heading\" data-id=\"7d2afbe\" data-element_type=\"widget\" data-widget_type=\"heading.default\">\n\t\t\t\t<div class=\"elementor-widget-container\">\n\t\t\t<h5 class=\"elementor-heading-title elementor-size-default\">La Loyaut\u00e9<\/h5>\t\t<\/div>\n\t\t\t\t<\/div>\n\t\t\t\t<div class=\"elementor-element elementor-element-f8e236c elementor-widget elementor-widget-text-editor\" data-id=\"f8e236c\" data-element_type=\"widget\" data-widget_type=\"text-editor.default\">\n\t\t\t\t<div class=\"elementor-widget-container\">\n\t\t\t\t\t\t\t<p>Nous pr\u00f4nons cette fid\u00e9lit\u00e9 manifest\u00e9e par la conduite aux engagements pris, au respect des r\u00e8gles de l\u2019honneur et de la probit\u00e9.<\/p>\t\t\t\t\t\t<\/div>\n\t\t\t\t<\/div>\n\t\t\t\t\t<\/div>\n\t\t<\/div>\n\t\t\t\t<div class=\"elementor-column elementor-col-25 elementor-inner-column elementor-element elementor-element-811b427\" data-id=\"811b427\" data-element_type=\"column\">\n\t\t\t<div class=\"elementor-widget-wrap elementor-element-populated\">\n\t\t\t\t\t\t\t\t<div class=\"elementor-element elementor-element-080b59e elementor-widget elementor-widget-heading\" data-id=\"080b59e\" data-element_type=\"widget\" data-widget_type=\"heading.default\">\n\t\t\t\t<div class=\"elementor-widget-container\">\n\t\t\t<h5 class=\"elementor-heading-title elementor-size-default\">Le Travail<\/h5>\t\t<\/div>\n\t\t\t\t<\/div>\n\t\t\t\t<div class=\"elementor-element elementor-element-608065d elementor-widget elementor-widget-text-editor\" data-id=\"608065d\" data-element_type=\"widget\" data-widget_type=\"text-editor.default\">\n\t\t\t\t<div class=\"elementor-widget-container\">\n\t\t\t\t\t\t\t<p>Nous nous attelons \u00e0 nous d\u00e9ployer dans l\u2019exercice de diff\u00e9rentes activit\u00e9s coordonn\u00e9es<span class=\"Apple-converted-space\">\u00a0\u00a0<\/span>en gardant le Christ \u00e0 l\u2019esprit<\/p>\t\t\t\t\t\t<\/div>\n\t\t\t\t<\/div>\n\t\t\t\t\t<\/div>\n\t\t<\/div>\n\t\t\t\t<div class=\"elementor-column elementor-col-25 elementor-inner-column elementor-element elementor-element-530dab6\" data-id=\"530dab6\" data-element_type=\"column\">\n\t\t\t<div class=\"elementor-widget-wrap elementor-element-populated\">\n\t\t\t\t\t\t\t\t<div class=\"elementor-element elementor-element-8218da2 elementor-widget elementor-widget-heading\" data-id=\"8218da2\" data-element_type=\"widget\" data-widget_type=\"heading.default\">\n\t\t\t\t<div class=\"elementor-widget-container\">\n\t\t\t<h5 class=\"elementor-heading-title elementor-size-default\">La foi<\/h5>\t\t<\/div>\n\t\t\t\t<\/div>\n\t\t\t\t<div class=\"elementor-element elementor-element-c227ae2 elementor-widget elementor-widget-text-editor\" data-id=\"c227ae2\" data-element_type=\"widget\" data-widget_type=\"text-editor.default\">\n\t\t\t\t<div class=\"elementor-widget-container\">\n\t\t\t\t\t\t\t<p><span style=\"text-align: justify; background-color: #ffffff;\">L&rsquo;assurance donn\u00e9e de tenir notre engagement nous vient de J\u00e9sus, J\u00e9sus est la source de notre foi<\/span><\/p>\t\t\t\t\t\t<\/div>\n\t\t\t\t<\/div>\n\t\t\t\t\t<\/div>\n\t\t<\/div>\n\t\t\t\t<div class=\"elementor-column elementor-col-25 elementor-inner-column elementor-element elementor-element-a940bf5\" data-id=\"a940bf5\" data-element_type=\"column\">\n\t\t\t<div class=\"elementor-widget-wrap elementor-element-populated\">\n\t\t\t\t\t\t\t\t<div class=\"elementor-element elementor-element-cb49853 elementor-widget elementor-widget-heading\" data-id=\"cb49853\" data-element_type=\"widget\" data-widget_type=\"heading.default\">\n\t\t\t\t<div class=\"elementor-widget-container\">\n\t\t\t<h5 class=\"elementor-heading-title elementor-size-default\">La fid\u00e9lit\u00e9<\/h5>\t\t<\/div>\n\t\t\t\t<\/div>\n\t\t\t\t<div class=\"elementor-element elementor-element-2230348 elementor-widget elementor-widget-text-editor\" data-id=\"2230348\" data-element_type=\"widget\" data-widget_type=\"text-editor.default\">\n\t\t\t\t<div class=\"elementor-widget-container\">\n\t\t\t\t\t\t\t<p class=\"p1\">Qualit\u00e9 d\u2019une personne au service d\u2019un autre qui s\u2019acquitte de ses fonctions avec d\u00e9vouement et z\u00e8le. Qualit\u00e9 d\u2019une personne qui est constante dans ses choix, ses gouts, ses inter\u00eats.<\/p><p class=\"p1\">(2 Corinthiens 3\u00a0:6)<\/p>\t\t\t\t\t\t<\/div>\n\t\t\t\t<\/div>\n\t\t\t\t\t<\/div>\n\t\t<\/div>\n\t\t\t\t\t\t\t<\/div>\n\t\t<\/section>\n\t\t\t\t\t<\/div>\n\t\t<\/div>\n\t\t\t\t\t\t\t<\/div>\n\t\t<\/section>\n\t\t\t\t\t\t<\/div>\n\t\t\t\t\t<\/div>\n\t\t","protected":false},"excerpt":{"rendered":"<p>Vision et valeurs OKO MINISTRIES OKO MINISTRIES&nbsp; a pour ligne directrice d\u2019ouvrir les yeux de chaque homme sur la vie et ainsi permettre \u00e0 Dieu d\u2019op\u00e9rer les importantes transformations requises pour \u00eatre en phase avec l\u2019histoire qu\u2019il a \u00e9crite pour [&hellip;]<\/p>\n","protected":false},"author":1,"featured_media":0,"parent":592,"menu_order":0,"comment_status":"closed","ping_status":"closed","template":"full-width.php","meta":{"footnotes":""},"class_list":["post-387","page","type-page","status-publish","hentry"],"_links":{"self":[{"href":"https:\/\/www.okoministries.com\/preprod\/wp-json\/wp\/v2\/pages\/387","targetHints":{"allow":["GET"]}}],"collection":[{"href":"https:\/\/www.okoministries.com\/preprod\/wp-json\/wp\/v2\/pages"}],"about":[{"href":"https:\/\/www.okoministries.com\/preprod\/wp-json\/wp\/v2\/types\/page"}],"author":[{"embeddable":true,"href":"https:\/\/www.okoministries.com\/preprod\/wp-json\/wp\/v2\/users\/1"}],"replies":[{"embeddable":true,"href":"https:\/\/www.okoministries.com\/preprod\/wp-json\/wp\/v2\/comments?post=387"}],"version-history":[{"count":26,"href":"https:\/\/www.okoministries.com\/preprod\/wp-json\/wp\/v2\/pages\/387\/revisions"}],"predecessor-version":[{"id":4133,"href":"https:\/\/www.okoministries.com\/preprod\/wp-json\/wp\/v2\/pages\/387\/revisions\/4133"}],"up":[{"embeddable":true,"href":"https:\/\/www.okoministries.com\/preprod\/wp-json\/wp\/v2\/pages\/592"}],"wp:attachment":[{"href":"https:\/\/www.okoministries.com\/preprod\/wp-json\/wp\/v2\/media?parent=387"}],"curies":[{"name":"wp","href":"https:\/\/api.w.org\/{rel}","templated":true}]}}