{"id":4030,"date":"2021-10-12T15:17:43","date_gmt":"2021-10-12T13:17:43","guid":{"rendered":"https:\/\/www.okoministries.com\/preprod\/?page_id=4030"},"modified":"2021-10-12T20:44:45","modified_gmt":"2021-10-12T18:44:45","slug":"mjc-centre-gospel","status":"publish","type":"page","link":"https:\/\/www.okoministries.com\/preprod\/vie-d-eglise\/mjc-centre-gospel\/","title":{"rendered":"MJC Centre gospel"},"content":{"rendered":"\t\t<div data-elementor-type=\"wp-page\" data-elementor-id=\"4030\" class=\"elementor elementor-4030\" data-elementor-settings=\"[]\">\n\t\t\t\t\t\t\t<div class=\"elementor-section-wrap\">\n\t\t\t\t\t\t\t<section class=\"elementor-section elementor-top-section elementor-element elementor-element-aca808f elementor-section-boxed elementor-section-height-default elementor-section-height-default edgtf-parallax-row-no edgtf-content-aligment-left edgtf-row-grid-no edgtf-disabled-bg-image-bellow-no\" data-id=\"aca808f\" data-element_type=\"section\">\n\t\t\t\t\t\t<div class=\"elementor-container elementor-column-gap-default\">\n\t\t\t\t\t<div class=\"elementor-column elementor-col-100 elementor-top-column elementor-element elementor-element-5684298\" data-id=\"5684298\" data-element_type=\"column\">\n\t\t\t<div class=\"elementor-widget-wrap elementor-element-populated\">\n\t\t\t\t\t\t\t\t<div class=\"elementor-element elementor-element-f9e5540 elementor-widget elementor-widget-image\" data-id=\"f9e5540\" data-element_type=\"widget\" data-widget_type=\"image.default\">\n\t\t\t\t<div class=\"elementor-widget-container\">\n\t\t\t\t\t\t\t\t\t\t\t\t\t\t\t<img loading=\"lazy\" decoding=\"async\" width=\"1024\" height=\"341\" src=\"https:\/\/www.okoministries.com\/preprod\/wp-content\/uploads\/2019\/01\/p7-img-1-1024x341.jpg\" class=\"attachment-large size-large\" alt=\"a\" srcset=\"https:\/\/www.okoministries.com\/preprod\/wp-content\/uploads\/2019\/01\/p7-img-1-1024x341.jpg 1024w, https:\/\/www.okoministries.com\/preprod\/wp-content\/uploads\/2019\/01\/p7-img-1-600x200.jpg 600w, https:\/\/www.okoministries.com\/preprod\/wp-content\/uploads\/2019\/01\/p7-img-1-300x100.jpg 300w, https:\/\/www.okoministries.com\/preprod\/wp-content\/uploads\/2019\/01\/p7-img-1-768x256.jpg 768w, https:\/\/www.okoministries.com\/preprod\/wp-content\/uploads\/2019\/01\/p7-img-1-1536x511.jpg 1536w, https:\/\/www.okoministries.com\/preprod\/wp-content\/uploads\/2019\/01\/p7-img-1.jpg 1776w\" sizes=\"auto, (max-width: 1024px) 100vw, 1024px\" \/>\t\t\t\t\t\t\t\t\t\t\t\t\t\t\t<\/div>\n\t\t\t\t<\/div>\n\t\t\t\t\t<\/div>\n\t\t<\/div>\n\t\t\t\t\t\t\t<\/div>\n\t\t<\/section>\n\t\t\t\t<section class=\"elementor-section elementor-top-section elementor-element elementor-element-4bb25d0 elementor-section-boxed elementor-section-height-default elementor-section-height-default edgtf-parallax-row-no edgtf-content-aligment-left edgtf-row-grid-no edgtf-disabled-bg-image-bellow-no\" data-id=\"4bb25d0\" data-element_type=\"section\">\n\t\t\t\t\t\t<div class=\"elementor-container elementor-column-gap-default\">\n\t\t\t\t\t<div class=\"elementor-column elementor-col-100 elementor-top-column elementor-element elementor-element-edeb591\" data-id=\"edeb591\" data-element_type=\"column\">\n\t\t\t<div class=\"elementor-widget-wrap elementor-element-populated\">\n\t\t\t\t\t\t\t\t<div class=\"elementor-element elementor-element-6e8bb38 elementor-widget elementor-widget-text-editor\" data-id=\"6e8bb38\" data-element_type=\"widget\" data-widget_type=\"text-editor.default\">\n\t\t\t\t<div class=\"elementor-widget-container\">\n\t\t\t\t\t\t\t<p>Le MJC Centre Gospel est une \u00e9glise \u00e0 la taille et au c\u0153ur de Dieu O\u00f9 amour et v\u00e9rit\u00e9 renouvellent et dynamisent tout homme. Bienvenu(e) dans la famille de Dieu.<\/p><div class=\"page\" title=\"Page 6\"><div class=\"layoutArea\"><div class=\"column\"><p>Si vous n\u2019avez pas d\u2019e\u0301glise d\u2019attache, voici votre maison. Un lieu ou\u0300 perse\u0301ve\u0301rer dans la foi, renouer avec elle et connai\u0302tre ainsi des temps de restauration et de rafraichissement ! Jouissez d\u2019une nouvelle histoire ne\u0301e de votre foi !<\/p><p>Parce que nous avons des choses a\u0300 vivre ensemble : nous serons dans la joie de vous accueillir a\u0300 chacun de nos temps de ce\u0301le\u0301bration, de communion et de partage.<\/p><p><strong>Confession de Foi<\/strong><\/p><\/div><\/div><\/div><div class=\"page\" title=\"Page 7\"><div class=\"layoutArea\"><div class=\"column\"><p>Nous croyons en Dieu cre\u0301ateur de tout l\u2019Univers et en sa puissante et infaillible parole ; c\u2019est par elle que Dieu a cre\u0301e\u0301 toute chose. Nous croyons que Je\u0301sus Christ est le fils unique de Dieu, lui-me\u0302me Dieu. Il a e\u0301te\u0301 conc\u0327u par le Saint Esprit et est ne\u0301 d\u2019une vierge. Nous croyons que Je\u0301sus Christ est sans pe\u0301che\u0301 et qu\u2019il a e\u0301te\u0301 accuse\u0301 injustement et mis a\u0300 mort selon le plan de Dieu. Nous croyons qu\u2019il est mort, mais qu\u2019il est ressuscite\u0301 le 3e\u0300me jour, qu\u2019il est monte\u0301 au ciel et s\u2019est assis a\u0300 la droite de Dieu le Pe\u0300re.<\/p><p>Nous croyons au Saint Esprit comme e\u0301tant la troisie\u0300me personne de la trinite\u0301. Nous croyons que Je\u0301sus Christ revient pour chercher son e\u0301glise, et juger le monde. Nous croyons a\u0300 l\u2019\u0153uvre de Christ accomplie a\u0300 la croix, a\u0300 la re\u0301mission des pe\u0301che\u0301s et a\u0300 la vie e\u0301ternelle. Nous croyons que par sa mort Je\u0301sus a paye\u0301 le prix qui donne a\u0300 tout Homme d\u2019e\u0302tre re\u0301concilie\u0301 avec Dieu.<\/p><\/div><\/div><\/div>\t\t\t\t\t\t<\/div>\n\t\t\t\t<\/div>\n\t\t\t\t\t<\/div>\n\t\t<\/div>\n\t\t\t\t\t\t\t<\/div>\n\t\t<\/section>\n\t\t\t\t\t\t<\/div>\n\t\t\t\t\t<\/div>\n\t\t","protected":false},"excerpt":{"rendered":"<p>Le MJC Centre Gospel est une \u00e9glise \u00e0 la taille et au c\u0153ur de Dieu O\u00f9 amour et v\u00e9rit\u00e9 renouvellent et dynamisent tout homme. Bienvenu(e) dans la famille de Dieu. Si vous n\u2019avez pas d\u2019e\u0301glise d\u2019attache, voici votre maison. Un [&hellip;]<\/p>\n","protected":false},"author":1,"featured_media":0,"parent":431,"menu_order":1,"comment_status":"closed","ping_status":"closed","template":"full-width.php","meta":{"footnotes":""},"class_list":["post-4030","page","type-page","status-publish","hentry"],"_links":{"self":[{"href":"https:\/\/www.okoministries.com\/preprod\/wp-json\/wp\/v2\/pages\/4030","targetHints":{"allow":["GET"]}}],"collection":[{"href":"https:\/\/www.okoministries.com\/preprod\/wp-json\/wp\/v2\/pages"}],"about":[{"href":"https:\/\/www.okoministries.com\/preprod\/wp-json\/wp\/v2\/types\/page"}],"author":[{"embeddable":true,"href":"https:\/\/www.okoministries.com\/preprod\/wp-json\/wp\/v2\/users\/1"}],"replies":[{"embeddable":true,"href":"https:\/\/www.okoministries.com\/preprod\/wp-json\/wp\/v2\/comments?post=4030"}],"version-history":[{"count":7,"href":"https:\/\/www.okoministries.com\/preprod\/wp-json\/wp\/v2\/pages\/4030\/revisions"}],"predecessor-version":[{"id":4058,"href":"https:\/\/www.okoministries.com\/preprod\/wp-json\/wp\/v2\/pages\/4030\/revisions\/4058"}],"up":[{"embeddable":true,"href":"https:\/\/www.okoministries.com\/preprod\/wp-json\/wp\/v2\/pages\/431"}],"wp:attachment":[{"href":"https:\/\/www.okoministries.com\/preprod\/wp-json\/wp\/v2\/media?parent=4030"}],"curies":[{"name":"wp","href":"https:\/\/api.w.org\/{rel}","templated":true}]}}